 8. Let d be m(-8). Let h be 1/3 - d/18. Is h*(-1 - 2)/3 composite?
False
Let d = 50865 - 22754. Is d a composite number?
False
Let n(f) = 747*f**2 - 4*f + 15. Is n(-2) prime?
True
Suppose -3*n = -4*s + 3556, -8*s - 2*n + 3556 = -4*s. Is s a composite number?
True
Let o = -2 - -2. Suppose -5*s + 2*u + 15 = o, 0*s + 2*s + 13 = -3*u. Is (s - -230)*1/3 a prime number?
False
Let d(k) = -57*k**3 + 6*k**2 + 19*k + 11. Is d(-9) a composite number?
False
Let d be (15/(-25))/(4/4660). Let z = d - -3286. Is z composite?
True
Let y = -4569 - -26356. Is y prime?
True
Let r = 12 - 19. Let t = -5 - r. Suppose -3*q - 5*c + 8 = -209, -t*q - c = -154. Is q prime?
True
Let k = 19452 + 14471. Is k a prime number?
True
Suppose -3*f = f - 84. Suppose -3*u - 2 = z, -2*z + 4*u + 11 - 5 = 0. Let i = f + z. Is i composite?
True
Suppose -3*p - 6733 = 8822. Let w = p - -9092. Is w composite?
False
Suppose 0 = -6*s - 0*s - 14160. Let t = s - -3427. Is t a prime number?
False
Suppose o + 0*o = -5*m + 30, 2*m - 30 = -4*o. Let l(n) = 0 + m*n**2 - n**2 - 2 - n**2. Is l(3) prime?
False
Let z(h) = 5*h**3 - 13*h**2 - 25*h + 129. Is z(8) a composite number?
False
Is -4 + 363 + -2*3 a prime number?
True
Suppose 5*z = -2*g + 83445, -7*g = -2*g + 25. Is z a prime number?
True
Suppose -d = 39 - 1229. Suppose p = -2*i + 333 + 131, 5*i = 5*p + d. Suppose -i + 33 = -t. Is t a prime number?
False
Let d be (-3)/2*28/(-21). Suppose g = -d*g - 2*u + 3207, g = 5*u + 1052. Is g a prime number?
False
Suppose 1868 = 5*h - 9127. Is h a prime number?
False
Suppose -9559 = 2*h + 37937. Is ((h/18)/((-4)/6))/1 a prime number?
True
Let n = -51626 + 82029. Is n a composite number?
False
Suppose 0 = s - 5*s + 2784. Suppose -4*x = -a - 0*x + 135, 5*a = -x + s. Is a prime?
True
Let x be (-12244)/(-20) + (-4)/(-5). Let g = 1056 - x. Is g a composite number?
False
Suppose 2*v = 5*v + 4*f - 119, 2*f = 10. Let g = v - 27. Is g a composite number?
True
Let n(h) = -2*h + 6. Let p be n(6). Let w be -3 + p/(-3) + 5. Suppose w*a - 326 = -2*k, k + 151 = 2*k - 2*a. Is k a prime number?
True
Suppose -41533 - 6064 = -11*l. Is l a composite number?
False
Is (25885 - 14) + (-20)/(-4) + -3 a composite number?
False
Suppose -13*q + 543814 = 131051. Is q prime?
True
Let h(b) = 495*b**2 - 10*b - 51. Is h(-4) prime?
False
Suppose 2*z + 2*a = 3*z - 4, -4 = z - 4*a. Let d(x) be the first derivative of 3*x**2 + 7*x - 37. Is d(z) a prime number?
True
Suppose -2*s + 2*w + w = -14362, 4*s + 5*w - 28768 = 0. Is s a prime number?
True
Suppose -i - 4*i + 1 = -3*r, 3*r - 9 = 0. Suppose -2*l + i = 0, 0 = o - 4*o - 5*l + 395. Suppose -4*z + o = -2*z. Is z a prime number?
False
Let y be (-829)/5 - (-19)/(-95). Is ((-8)/2)/8*y a prime number?
True
Suppose 0 = 4*d + 16, -8*m + d + 147582 = -6*m. Is m a prime number?
False
Suppose 0 = 12*l - 101*l + 825386. Is l a composite number?
True
Suppose -p + 2*b + 16 = 7*b, -4*p - 3*b = 4. Let k(i) = -34*i**2 + 39*i**2 + 1 + 4 - 3*i. Is k(p) a composite number?
False
Let c(d) be the third derivative of 3*d**6/40 - 2*d**5/15 - d**4/12 + 13*d**3/6 + 10*d**2. Is c(6) prime?
True
Let h(i) = 365*i - 31. Is h(6) prime?
False
Let n(a) = -6260*a - 489. Is n(-7) a composite number?
False
Let o(y) = y**2 - 8*y + 3. Let w be o(8). Suppose 3*t - 5*h = 375, -187 = -w*t - 2*h + 167. Suppose 179 = v - t. Is v a prime number?
False
Let g(j) = 99*j**2 + 6*j + 25. Is g(-3) prime?
False
Let b be (-5)/7 - 4/14. Is (11/22)/(b/(-782)) a composite number?
True
Let l(t) = -2*t + 11*t + 22 + t**2 - 4. Let i be l(-6). Suppose u - 748 = -4*r + 3*r, 3*r - 4*u - 2265 = i. Is r composite?
False
Let g be (-36)/28 + (-10)/(-35). Let m(d) = -1563*d**3 - 2*d**2 - 3*d - 1. Is m(g) prime?
False
Suppose 0 = -10*n + 268806 - 24376. Is n a composite number?
False
Let m(b) be the first derivative of 3*b**4/4 - 17*b**3/3 - 5*b**2/2 + 29*b + 25. Is m(12) a composite number?
True
Suppose -2*c + 98 = -h + 2*h, c - 51 = -h. Let s = c + 80. Is s a prime number?
True
Suppose 5*n - 15 = -0*n. Let m be -651*(1 - 4/n). Let b = -84 + m. Is b a composite number?
True
Suppose 985*o = 984*o + 593. Is o a prime number?
True
Suppose -3*k + 20 = -2*r - 3*r, 4*r - 16 = -4*k. Suppose k*b = -3 + 23. Suppose -5*i + 0*w + 1123 = -b*w, -2*i - 3*w + 440 = 0. Is i composite?
False
Is (-70)/28*(-4)/20*67742 a prime number?
True
Suppose 0 = -6*o + 4*o - 1476. Let v = o + 1147. Is v prime?
True
Suppose 90*l = 73*l + 371705. Is l composite?
True
Let g(i) = -14*i**3 + i**2 - i - 4. Let d be g(-2). Suppose -a = 37 - d. Is a composite?
True
Suppose 3*s - 5*m = -424, 2*s - 544 = 6*s + 4*m. Let b = s + 515. Is b a composite number?
True
Let m be (-3)/12 + (-362)/(-8). Let u = -23 - -38. Is (-1988)/(-6) - u/m a composite number?
False
Let u(b) = 44*b**2 - 10*b + 5. Let n be u(4). Suppose 58*j - n = 55*j. Is j a composite number?
False
Suppose 2*z - 2 + 3 = -5*s, 0 = -s - 5*z + 9. Let m(y) = -1295*y**3 - 2*y**2 - 2*y - 2. Is m(s) prime?
False
Let p be (-4 + 1 - -9) + 4. Suppose 3 = -2*f - n + 11, 5*f - 5*n = -p. Suppose -f*s - 158 = -556. Is s a composite number?
False
Let r be 15 - 20 - (6 + 1). Let z(k) = 8*k**2 + 24*k - 26. Is z(r) prime?
False
Let d be ((-12)/(-3) - 4)/2. Suppose 4*h + d = 2756. Is h a prime number?
False
Let a(h) be the second derivative of h**4/2 + 47*h**2/2 + 15*h. Is a(22) prime?
False
Suppose -s + 2 = 1. Let q = -11 - -12. Is 1 - (s + q) - -94 a composite number?
True
Let l(m) = 355*m**2 + 46*m + 2. Is l(-9) prime?
False
Let c(m) = 7*m - 19. Let l(u) = 10*u - 29. Let p = 7 + 0. Let d(y) = p*c(y) - 5*l(y). Is d(-10) a composite number?
True
Let p be 14 + -11 + (-1)/(-1). Let b(y) = 104*y**2 - 4*y - 3. Let f be b(p). Suppose 5*u - 2*a + 0*a - f = 0, -u + 341 = 2*a. Is u a composite number?
False
Is (6 - -9)/5*(-3236)/(-12) a prime number?
True
Suppose -9*i + 61837 = 4480. Is i composite?
False
Let v(k) = -11863*k - 121. Is v(-2) composite?
True
Suppose 35*d - 140758 = 81247. Is d a composite number?
False
Suppose -23 = 5*n + 17. Let w(x) = -411*x - 19. Is w(n) a prime number?
False
Suppose -j + 5*d = 5 + 10, -2*j + 12 = 4*d. Suppose 0 = 2*z + x, 3*x = 16*z - 12*z. Suppose j = -b - 3*o + 7*o + 11, z = -2*b - 3*o + 11. Is b a prime number?
True
Suppose 8*i - 4*i - 5*k = 12964, 12964 = 4*i + 5*k. Is i composite?
True
Suppose -4 = 3*z - 1. Let j(r) = -266*r - 1. Let n be j(z). Suppose -3*i - 64 = -n. Is i a composite number?
False
Let m(j) = -239*j + 467. Is m(-6) a prime number?
True
Let i(w) = -75*w**3 - 3*w**2 - w + 1. Let d be i(-1). Let g = d + 599. Is g composite?
False
Suppose 5*x + 0 - 3 = 2*s, 5*s - 2*x - 24 = 0. Let h(a) = 19*a + 13. Is h(s) a composite number?
False
Suppose -6*n + 3*n + 2*m = 2, -4 = -m. Suppose 3*o - 961 = -2*j, -j = 4*o + n*j - 1283. Is o a prime number?
True
Suppose 5*i + 526 = 3*u + 149, 389 = 3*u + i. Suppose 0 = -5*z - r + 633, z + r - u = 2*r. Is z prime?
True
Let s(x) = 3*x**3 - 3*x**2 + x**2 + 3*x**2. Let g be s(1). Is 2/g - 3534/(-12) a composite number?
True
Let v(b) = 2*b**2 - 2*b**2 - 1 - 4*b**3 - 2*b. Let o be v(-2). Suppose o - 293 = -3*g. Is g a composite number?
True
Suppose -1215 - 2545 = -4*g. Suppose 5*h = g + 1455. Is h a composite number?
False
Let f(a) = -10036*a**3 - 2*a**2 - 3*a + 1. Is f(-2) a prime number?
True
Let p = 30 + -28. Suppose p*b - 181 - 97 = 0. Is b composite?
False
Let c = -1279 + 1982. Let k = -410 + c. Is k a composite number?
False
Suppose -9*d + 18241 = 8*d. Is d prime?
False
Let m = -95 + 100. Suppose -5*p - 1499 = m*h - 8664, -2*p - h = -2870. Is p a prime number?
False
Is 15/(-9)*(-6)/10 + 1102 a composite number?
False
Let x = 19 - 15. Suppose -j + 465 = x*j. Let m = j + -54. Is m composite?
True
Let a(l) = -202*l - 17. Let n be (-10*(3 + (-5)/2))/1. Is a(n) composite?
True
Let l(p) = -2*p + 1. Let u be l(4). Let n be 4/10 + u/5. Let a(c) = -128*c**3 + 2*c + 1. Is a(n) prime?
True
Let x(z) = 16*z - 1 + 6 - 1 + 7*z**2. Is x(11) a prime number?
False
Suppose l = -2*y - 3*l + 12534, -5*y - 3*l = -31335. Suppose -y = -4*s + 3*w, 5*s = -7*w + 2*w + 7790. Is s prime?
False
Let n = -862 + 3401. Is n a composite number?
False
Let p(h) = -h + 30. Let q be p(-8). Is (-3)/(3/q)*3611/(-46) composite?
True
Suppose 109960 = 16*k + 4*k. Is k a prime number?
False
Let f = -476 - -2550. Su